--------- beginning of system
01-01 00:00:25.254  1856  1856 I vold    : Vold 3.0 (the awakening) firing up
01-01 00:00:25.255  1856  1856 V vold    : Detected support for: ext4 f2fs vfat
01-01 00:00:25.269  1856  1856 I vold    : [libfs_mgr]fs_mgr_read_fstab_dt(): failed to read fstab from dt
01-01 00:00:25.271  1856  1861 D vold    : e4crypt_init_user0
01-01 00:00:25.283  1856  1859 V vold    : /system/bin/sgdisk
01-01 00:00:25.283  1856  1859 V vold    :     --android-dump
01-01 00:00:25.283  1856  1859 V vold    :     /dev/block/vold/disk:179,256
01-01 00:00:25.382  1856  1861 D vold    : e4crypt_prepare_user_storage for volume null, user 0, serial 0, flags 1
01-01 00:00:25.382  1856  1861 D vold    : Preparing: /data/system/users/0
01-01 00:00:25.383  1856  1861 D vold    : Preparing: /data/misc/profiles/cur/0
01-01 00:00:25.383  1856  1861 D vold    : Preparing: /data/system_de/0
01-01 00:00:25.384  1856  1861 D vold    : Preparing: /data/misc_de/0
01-01 00:00:25.384  1856  1861 D vold    : Preparing: /data/user_de/0
01-01 00:00:25.384  1856  1861 D vold    : e4crypt_unlock_user_key 0 serial=0 token_present=0
01-01 00:00:25.384  1856  1861 E vold    : Failed to chmod /data/system_ce/0: No such file or directory
01-01 00:00:25.384  1856  1861 E vold    : Failed to chmod /data/misc_ce/0: No such file or directory
01-01 00:00:25.384  1856  1861 E vold    : Failed to chmod /data/media/0: No such file or directory
01-01 00:00:25.547  1856  1859 V vold    : DISK mbr
01-01 00:00:25.547  1856  1859 V vold    : 
01-01 00:00:25.547  1856  1859 V vold    : PART 1 c
01-01 00:00:25.547  1856  1859 V vold    : 
01-01 00:00:26.819  1945  1945 I installd: installd firing up
01-01 00:00:26.819  1945  1945 D installd: Assuming that device has multi-user storage layout; upgrade no longer supported
01-01 00:00:26.819  1945  1945 D installd: Upgrading to /data/misc/user directories
01-01 00:00:27.002  1952  1952 I wificond: wificond is starting up...
01-01 00:00:31.517  1951  2008 E storaged: getService package_native failed
01-01 00:00:31.601  1951  2008 I storaged: storaged: Start
01-01 00:00:32.205  1909  1909 D Zygote32Timing: PostZygoteInitGC took to complete: 39ms
01-01 00:00:32.205  1909  1909 D Zygote32Timing: ZygoteInit took to complete: 61ms
01-01 00:00:32.739  1908  1908 D Zygote64Timing: BeginIcuCachePinning took to complete: 114ms
01-01 00:00:34.923  1908  1908 D Zygote64Timing: PreloadClasses took to complete: 2184ms
01-01 00:00:35.637  1908  1908 D Zygote64Timing: PreloadResources took to complete: 714ms
01-01 00:00:35.814  1908  1908 D Zygote64Timing: ZygotePreload took to complete: 3189ms
01-01 00:00:35.882  1908  1908 D Zygote64Timing: PostZygoteInitGC took to complete: 68ms
01-01 00:00:35.882  1908  1908 D Zygote64Timing: ZygoteInit took to complete: 3272ms
01-01 00:00:36.356  2052  2052 I SystemServer: InitBeforeStartServices
01-01 00:00:36.356  2052  2052 W SystemServer: System clock is before 1970; setting to 1970.
01-01 00:00:36.363  2052  2052 W SystemServer: Timezone not set; setting to GMT.
01-01 00:00:36.370  2052  2052 I SystemServer: Entered the Android system server!
01-01 00:00:36.895  2052  2052 D SystemServerTiming: InitBeforeStartServices took to complete: 539ms
01-01 00:00:36.895  2052  2052 I SystemServer: StartServices
01-01 00:00:36.895  2052  2052 I SystemServer: Reading configuration...
01-01 00:00:36.895  2052  2052 I SystemServer: ReadingSystemConfig
01-01 00:00:36.899  2052  2052 D SystemServerTiming: ReadingSystemConfig took to complete: 5ms
01-01 00:00:36.900  2052  2052 I SystemServer: StartInstaller
01-01 00:00:36.900  2052  2052 I SystemServiceManager: Starting com.android.server.pm.Installer
01-01 00:00:36.907  2052  2068 D SystemServerInitThreadPool: Started executing ReadingSystemConfig
01-01 00:00:36.911  2052  2052 D SystemServerTiming: StartInstaller took to complete: 12ms
01-01 00:00:36.911  2052  2052 I SystemServer: DeviceIdentifiersPolicyService
01-01 00:00:36.912  2052  2052 I SystemServiceManager: Starting com.android.server.os.DeviceIdentifiersPolicyService
01-01 00:00:36.916  2052  2052 D SystemServerTiming: DeviceIdentifiersPolicyService took to complete: 4ms
01-01 00:00:36.916  2052  2052 I SystemServer: StartActivityManager
01-01 00:00:36.916  2052  2052 I SystemServiceManager: Starting com.android.server.am.ActivityManagerService$Lifecycle
01-01 00:00:36.986  2052  2068 D SystemServerInitThreadPool: Finished executing ReadingSystemConfig
01-01 00:00:37.021  2052  2052 I ActivityManager: Memory class: 192
01-01 00:00:37.026  2052  2070 I ServiceThread: Enabled StrictMode logging for ActivityManager looper.
01-01 00:00:37.035  2052  2071 I ServiceThread: Enabled StrictMode logging for android.ui looper.
01-01 00:00:37.073  2052  2052 D BatteryStatsImpl: Reading daily items from /data/system/batterystats-daily.xml
01-01 00:00:37.094  2052  2073 E BatteryExternalStatsWorker: no controller energy info supplied for telephony
01-01 00:00:37.096  2052  2073 E KernelUidCpuFreqTimeReader: Failed to read /proc/uid_time_in_state: java.io.FileNotFoundException: /proc/uid_time_in_state (No such file or directory)
01-01 00:00:37.097  2052  2073 E KernelCpuSpeedReader: Failed to read cpu-freq: /sys/devices/system/cpu/cpu0/cpufreq/stats/time_in_state (No such file or directory)
01-01 00:00:37.098  2052  2073 W KernelMemoryBandwidthStats: No kernel memory bandwidth stats available
01-01 00:00:37.226  2052  2052 I AppOps  : No existing app ops /data/system/appops.xml; starting empty
01-01 00:00:37.269  2052  2052 I IntentFirewall: Read new rules (A:0 B:0 S:0)
01-01 00:00:37.285  2052  2081 I ServiceThread: Enabled StrictMode logging for android.display looper.
01-01 00:00:37.308  2052  2052 D AppOps  : AppOpsService published
01-01 00:00:37.314  2052  2052 D SystemServerTiming: StartActivityManager took to complete: 398ms
01-01 00:00:37.314  2052  2052 I SystemServer: StartPowerManager
01-01 00:00:37.314  2052  2052 I SystemServiceManager: Starting com.android.server.power.PowerManagerService
01-01 00:00:37.330  2052  2083 I ServiceThread: Enabled StrictMode logging for PowerManagerService looper.
01-01 00:00:37.385  2052  2052 D SystemServerTiming: StartPowerManager took to complete: 71ms
01-01 00:00:37.385  2052  2052 I SystemServer: InitPowerManagement
01-01 00:00:37.394  2052  2052 D SystemServerTiming: InitPowerManagement took to complete: 9ms
01-01 00:00:37.395  2052  2052 I SystemServer: StartRecoverySystemService
01-01 00:00:37.395  2052  2052 I SystemServiceManager: Starting com.android.server.RecoverySystemService
01-01 00:00:37.400  2052  2052 D SystemServerTiming: StartRecoverySystemService took to complete: 5ms
01-01 00:00:37.401  2052  2052 V RescueParty: Disabled because of active USB connection
01-01 00:00:37.401  2052  2052 I SystemServer: StartLightsService
01-01 00:00:37.402  2052  2052 I SystemServiceManager: Starting com.android.server.lights.LightsService
01-01 00:00:37.405  2052  2052 D SystemServerTiming: StartLightsService took to complete: 3ms
01-01 00:00:37.405  2052  2052 I SystemServer: StartDisplayManager
01-01 00:00:37.405  2052  2052 I SystemServiceManager: Starting com.android.server.display.DisplayManagerService
01-01 00:00:37.415  2052  2052 D SystemServerTiming: StartDisplayManager took to complete: 10ms
01-01 00:00:37.416  2052  2052 I SystemServer: WaitForDisplay
01-01 00:00:37.416  2052  2052 I SystemServiceManager: Starting phase 100
01-01 00:00:37.429  2052  2081 I DisplayManagerService: Display device added: DisplayDeviceInfo{"Built-in Screen": uniqueId="local:0", 1024 x 768, modeId 1, defaultModeId 1, supportedModes [{id=1, width=1024, height=768, fps=60.000004}], colorMode 0, supportedColorModes [0], HdrCapabilities android.view.Display$HdrCapabilities@1d6308, density 160, 159.568 x 159.895 dpi, appVsyncOff 1000000, presDeadline 16666666, touch INTERNAL, rotation 0, type BUILT_IN, state UNKNOWN, FLAG_DEFAULT_DISPLAY, FLAG_ROTATES_WITH_CONTENT, FLAG_SECURE, FLAG_SUPPORTS_PROTECTED_BUFFERS}
01-01 00:00:37.471  2052  2052 W SystemServiceManager: Service com.android.server.display.DisplayManagerService took 55 ms in onBootPhase
01-01 00:00:37.471  2052  2052 D SystemServerTiming: WaitForDisplay took to complete: 55ms
01-01 00:00:37.471  2052  2052 I SystemServer: StartPackageManagerService
01-01 00:00:37.480  2052  2081 I DisplayManagerService: Display device changed state: "Built-in Screen", ON
01-01 00:00:37.522  2052  2052 W FileUtils: Failed to chmod(/data/system/packages.list): android.system.ErrnoException: chmod failed: ENOENT (No such file or directory)
01-01 00:00:37.561  2052  2052 D SELinuxMMAC: Using policy file /system/etc/selinux/plat_mac_permissions.xml
01-01 00:00:37.564  2052  2052 D SELinuxMMAC: Using policy file /vendor/etc/selinux/nonplat_mac_permissions.xml
01-01 00:00:37.571  2052  2052 I PackageManager: No settings file; creating initial state
01-01 00:00:37.733  2052  2091 I PackageParser: Parse times for '/vendor/overlay/SysuiDarkTheme': parse=22ms, update_cache=114 ms
01-01 00:00:37.734  2052  2052 I PackageManager: /vendor/overlay/SysuiDarkTheme changed; collecting certs
01-01 00:00:37.755  2052  2052 W PackageManager: Failed to parse /system/framework/arm: Missing base APK in /system/framework/arm
01-01 00:00:37.755  2052  2052 W PackageManager: Failed to parse /system/framework/arm64: Missing base APK in /system/framework/arm64
